{"id":1584,"date":"2021-03-16T09:32:21","date_gmt":"2021-03-16T09:32:21","guid":{"rendered":"http:\/\/turismoibi.com\/prueba1\/?post_type=product&#038;p=1584"},"modified":"2026-03-15T19:07:06","modified_gmt":"2026-03-15T19:07:06","slug":"alquiler-de-barcos-en-santa-pola-jet-ski-alicante","status":"publish","type":"product","link":"https:\/\/watersportsantapola.com\/reservas\/product\/alquiler-de-barcos-en-santa-pola-jet-ski-alicante\/","title":{"rendered":"Jet Ski 1.5 Horas"},"content":{"rendered":"","protected":false},"excerpt":{"rendered":"<p>1.5 Horas de excursi\u00f3n. Salida \u00daNICA a las 9:00 AM. Para los madrugadores podr\u00e1n aprovecharse de esta SUPER OFERTA en la que iremos hasta la Isla de Tabarca. Rodeando la isla y haciendo parada. Despu\u00e9s de un ba\u00f1o en sus aguas cristalinas y siempre acompa\u00f1ado por uno de nuestros monitores por seguridad de nuestros clientes.<\/p>\n","protected":false},"featured_media":1578,"template":"","meta":[],"product_brand":[],"product_cat":[15,31],"product_tag":[],"class_list":{"0":"post-1584","1":"product","2":"type-product","3":"status-publish","4":"has-post-thumbnail","6":"product_cat-uncategorized","7":"product_cat-alquilar-motos-de-agua-en-santa-pola-sin-licencia","9":"first","10":"instock","11":"virtual","12":"sold-individually","13":"purchasable","14":"product-type-booking"},"yoast_head":"<!-- This site is optimized with the Yoast SEO Premium plugin v14.9 - https:\/\/yoast.com\/wordpress\/plugins\/seo\/ -->\n<title>Jet Ski 1.5 Horas - alquiler de veleros en santa pola | barcos de alquiler en santa pola<\/title>\n<meta name=\"robots\" content=\"index, follow, max-snippet:-1, max-image-preview:large, max-video-preview:-1\" \/>\n<link rel=\"canonical\" href=\"https:\/\/watersportsantapola.com\/reservas\/product\/alquiler-de-barcos-en-santa-pola-jet-ski-alicante\/\" \/>\n<meta property=\"og:locale\" content=\"es_ES\" \/>\n<meta property=\"og:type\" content=\"article\" \/>\n<meta property=\"og:title\" content=\"Jet Ski 1.5 Horas - alquiler de veleros en santa pola | barcos de alquiler en santa pola\" \/>\n<meta property=\"og:description\" content=\"1.5 Horas de excursi\u00f3n. Salida \u00daNICA a las 9:00 AM. Para los madrugadores podr\u00e1n aprovecharse de esta SUPER OFERTA en la que iremos hasta la Isla de Tabarca. Rodeando la isla y haciendo parada. Despu\u00e9s de un ba\u00f1o en sus aguas cristalinas y siempre acompa\u00f1ado por uno de nuestros monitores por seguridad de nuestros clientes.\" \/>\n<meta property=\"og:url\" content=\"https:\/\/watersportsantapola.com\/reservas\/product\/alquiler-de-barcos-en-santa-pola-jet-ski-alicante\/\" \/>\n<meta property=\"og:site_name\" content=\"alquiler de veleros en santa pola | barcos de alquiler en santa pola\" \/>\n<meta property=\"article:modified_time\" content=\"2026-03-15T19:07:06+00:00\" \/>\n<meta property=\"og:image\" content=\"https:\/\/watersportsantapola.com\/reservas\/wp-content\/uploads\/2021\/03\/jet-ski-alicante-parasailing-torrevieja-jet-ski-3.jpg\" \/>\n\t<meta property=\"og:image:width\" content=\"850\" \/>\n\t<meta property=\"og:image:height\" content=\"580\" \/>\n<meta name=\"twitter:card\" content=\"summary_large_image\" \/>\n<script type=\"application\/ld+json\" class=\"yoast-schema-graph\">{\"@context\":\"https:\/\/schema.org\",\"@graph\":[{\"@type\":\"WebSite\",\"@id\":\"https:\/\/watersportsantapola.com\/reservas\/#website\",\"url\":\"https:\/\/watersportsantapola.com\/reservas\/\",\"name\":\"alquiler de veleros en santa pola | barcos de alquiler en santa pola\",\"description\":\"Jet Ski Santa Pola \",\"potentialAction\":[{\"@type\":\"SearchAction\",\"target\":\"https:\/\/watersportsantapola.com\/reservas\/?s={search_term_string}\",\"query-input\":\"required name=search_term_string\"}],\"inLanguage\":\"es\"},{\"@type\":\"ImageObject\",\"@id\":\"https:\/\/watersportsantapola.com\/reservas\/product\/alquiler-de-barcos-en-santa-pola-jet-ski-alicante\/#primaryimage\",\"inLanguage\":\"es\",\"url\":\"https:\/\/watersportsantapola.com\/reservas\/wp-content\/uploads\/2021\/03\/jet-ski-alicante-parasailing-torrevieja-jet-ski-3.jpg\",\"width\":850,\"height\":580,\"caption\":\"barcos de alquiler en santa pola. alquiler de barcos en santa pola, rent boat santa pola, location bateaux santa pola, jet ski santa pola, actividades acuaticas santa pola\"},{\"@type\":\"WebPage\",\"@id\":\"https:\/\/watersportsantapola.com\/reservas\/product\/alquiler-de-barcos-en-santa-pola-jet-ski-alicante\/#webpage\",\"url\":\"https:\/\/watersportsantapola.com\/reservas\/product\/alquiler-de-barcos-en-santa-pola-jet-ski-alicante\/\",\"name\":\"Jet Ski 1.5 Horas - alquiler de veleros en santa pola | barcos de alquiler en santa pola\",\"isPartOf\":{\"@id\":\"https:\/\/watersportsantapola.com\/reservas\/#website\"},\"primaryImageOfPage\":{\"@id\":\"https:\/\/watersportsantapola.com\/reservas\/product\/alquiler-de-barcos-en-santa-pola-jet-ski-alicante\/#primaryimage\"},\"datePublished\":\"2021-03-16T09:32:21+00:00\",\"dateModified\":\"2026-03-15T19:07:06+00:00\",\"inLanguage\":\"es\",\"potentialAction\":[{\"@type\":\"ReadAction\",\"target\":[\"https:\/\/watersportsantapola.com\/reservas\/product\/alquiler-de-barcos-en-santa-pola-jet-ski-alicante\/\"]}]}]}<\/script>\n<!-- \/ Yoast SEO Premium plugin. -->","_links":{"self":[{"href":"https:\/\/watersportsantapola.com\/reservas\/wp-json\/wp\/v2\/product\/1584","targetHints":{"allow":["GET"]}}],"collection":[{"href":"https:\/\/watersportsantapola.com\/reservas\/wp-json\/wp\/v2\/product"}],"about":[{"href":"https:\/\/watersportsantapola.com\/reservas\/wp-json\/wp\/v2\/types\/product"}],"wp:featuredmedia":[{"embeddable":true,"href":"https:\/\/watersportsantapola.com\/reservas\/wp-json\/wp\/v2\/media\/1578"}],"wp:attachment":[{"href":"https:\/\/watersportsantapola.com\/reservas\/wp-json\/wp\/v2\/media?parent=1584"}],"wp:term":[{"taxonomy":"product_brand","embeddable":true,"href":"https:\/\/watersportsantapola.com\/reservas\/wp-json\/wp\/v2\/product_brand?post=1584"},{"taxonomy":"product_cat","embeddable":true,"href":"https:\/\/watersportsantapola.com\/reservas\/wp-json\/wp\/v2\/product_cat?post=1584"},{"taxonomy":"product_tag","embeddable":true,"href":"https:\/\/watersportsantapola.com\/reservas\/wp-json\/wp\/v2\/product_tag?post=1584"}],"curies":[{"name":"wp","href":"https:\/\/api.w.org\/{rel}","templated":true}]}}